mon divisor of 7 and p?
7
Let x(r) = r**3 - 3*r**2 + 2*r + 4. Let n be x(3). Calculate the greatest common divisor of n and 2.
2
Let y be (-20 - 24)*(1 + 0)/(-1). Calculate the greatest common divisor of y and 22.
22
Suppose f - 6*f = -5*t + 60, 5*t - 4*f = 60. Let v = 17 - t. Calculate the greatest common divisor of 25 and v.
5
Suppose 0 = -5*j, 2*p + 8 = 3*j + 2. Let f be 56 + (-3)/9*p. Suppose -d = z - 18, -d - 2*d = 4*z - 73. What is the greatest common divisor of f and z?
19
Let o(y) = y**2 - 2*y + 2. Let c be o(2). Let a(s) = 36*s + 5 - 1 - 4. Let z be a(c). What is the greatest common divisor of 9 and z?
9
Let u = 37 - 7. Calculate the greatest common divisor of u and 60.
30
Let x(i) = i**3 - i**2 - i - 1. Let d be x(3). Calculate the highest common divisor of d and 70.
14
Let z be 146/2 + 9 + -6. Calculate the greatest common factor of 38 and z.
38
Let z(p) = -p**3 + 8*p**2 - 7*p - 1. Let j be z(5). What is the greatest common divisor of 91 and j?
13
Let u = -2 - -6. Suppose 5*q + f - 77 = -3*f, 2*f = -u*q + 64. Suppose 4 = -v + q. What is the highest common divisor of v and 26?
13
Suppose 4*q = 16, -5*t + 35 = -0*q - 5*q. Let f = -52 - -96. Suppose 5*w - w = f. What is the greatest common factor of w and t?
11
Let p = 20 - 18. Let f = p - -22. Calculate the greatest common factor of 120 and f.
24
Suppose -2*p - 4*m + 45 = 11, 5*p = -5*m + 60. What is the highest common divisor of p and 28?
7
Let n = 6 - -2. Let c be (4/(-3))/(6/(-378)). Suppose 5*z = x - 0*z - c, -68 = -x + z. Calculate the highest common divisor of x and n.
8
Let v = -11 - -44. Let o = -18 + v. What is the highest common factor of 135 and o?
15
Let w be (-141 - 2)/(-1 + 0). Let f(x) = 2*x - 1. Let i(z) = -7*z + 2. Let p(y) = 8*f(y) + 3*i(y). Let h be p(-3). What is the highest common factor of h and w?
13
Let f(m) = 25*m + 1. Let l be f(5). Let z be 2*(-1)/(4/(-50)). Let h = z - 11. What is the highest common factor of h and l?
14
Let v be (-300)/9*9/(-2). Suppose 3*h - 55 + 10 = 0. Calculate the highest common factor of v and h.
15
Let m be (60/35)/((-3)/(-21)). Let n = 14 - m. Calculate the highest common divisor of n and 6.
2
Suppose 3*v + 0*v = 9. Let n be 321/12 - (-2)/8. What is the highest common factor of n and v?
3
Let a be (-4)/(16/(-12))*1. Let z(p) = 2*p**3 + 4*p**2 - 2*p. Let s be z(a). Calculate the greatest common factor of s and 14.
14
Let c be 4/6 + 32/6. Suppose 5*i - 24 = 6. Let u be ((-1)/(-2))/(1/i). Calculate the highest common factor of c and u.
3
Let r = 84 + -54. Calculate the greatest common divisor of 10 and r.
10
Let t = -45 - -47. Calculate the highest common divisor of 14 and t.
2
Let m(r) = 2*r**3 - 3*r**2 + r + 1. Let p be m(4). Suppose -4*i - p = -349. What is the highest common divisor of i and 6?
6
Let c be ((-2)/(-4))/((-2)/4) - -16. What is the greatest common factor of c and 3?
3
Suppose -4 = -0*a + 2*a. Let s be a*3/(-2) + 41. Let t be 1*(-1)/((-2)/22). What is the greatest common divisor of s and t?
11
Suppose 0 = -d - 6 + 22. Calculate the highest common factor of 48 and d.
16
Let s = 0 + 21. Calculate the greatest common factor of 14 and s.
7
Let p = 49 - -66. Suppose -12*r = -5 - 271. What is the highest common factor of p and r?
23
Suppose -f = -27 + 25. Let s be (-1 - 12)/(-1) - -1. What is the highest common divisor of s and f?
2
Suppose -5*p + 3*p + 12 = 0. Let x = p + -2. Suppose -x*d = 3*l + d + 7, 0 = 4*l - 3*d - 39. What is the greatest common divisor of l and 15?
3
Let v = 15 - -8. Let y = 612 + -405. Calculate the greatest common divisor of y and v.
23
Let x be -3*(-2)/(-2) + 344. What is the highest common divisor of 31 and x?
31
Let h(f) = -f**2 + 2*f + 1. Let o be h(3). Let z be (o/3)/(1/(-9)). Suppose 0 = -2*k + 105 + 27. What is the greatest common factor of k and z?
6
Suppose 0 = -10*d + 4*d + 96. Calculate the highest common factor of d and 128.
16
Let k(o) be the first derivative of 5*o**3 + o + 3. Let s be k(-1). Calculate the greatest common divisor of 4 and s.
4
Let r = -1 + 2. Suppose c - 2 - r = 0. Suppose 0 = y - c*y + 150. What is the greatest common divisor of 30 and y?
15
Let s = -72 - -104. Suppose -124 = -2*a - 34. Suppose -3*l - 2*x = 2 - 44, -3*l - x = -a. Calculate the highest common factor of l and s.
16
Let t be 1/(-1 + 1*2). Let h be 3 + (-1 - 4) - -2. Let a be h + 9 + (8 - 6). Calculate the highest common factor of a and t.
1
Let n = 16 - 19. Let v be 120/(-16)*4/n. What is the greatest common factor of v and 70?
10
Suppose 0 = 2*y + 2, -3*f - f - 5*y = -15. Let j = 15 + -17. Let g = j + f. Calculate the greatest common factor of 33 and g.
3
Suppose -2*z + 587 - 227 = 0. Calculate the greatest common divisor of z and 10.
10
Let h(p) = -27*p - 6. Let z be h(-1). Calculate the greatest common factor of 3 and z.
3
Let n be (40/(-6))/((-2)/33). Suppose -15 = -3*x, 0 = 5*g - 0*x + 5*x - n. Let i = g - -19. Calculate the highest common factor of i and 18.
18
Suppose -v - 2*v = 4*c + 100, -v - 2*c = 30. Let j be (10/(-4))/(4/v). What is the greatest common factor of 75 and j?
25
Let x be (3 + -4)*1*0. Let h(q) = q + 34. Let u be h(x). What is the greatest common factor of 51 and u?
17
Let n(o) = o**3 + 6*o**2 - 3*o + 7. Let b be n(-6). Let a = 237 - 137. What is the highest common factor of a and b?
25
Suppose 4*w = 4, -3*d + 22*w - 20*w + 88 = 0. Calculate the greatest common factor of d and 165.
15
Let p = 8 - 5. Suppose 216 = 4*g - 4*s, 4*g - p*g + 3*s - 46 = 0. Let j = g - 17. Calculate the greatest common factor of j and 5.
5
Suppose 3*q + 4*p + 0*p + 20 = 0, 0 = q - 3*p - 2. Let m(t) = -t**3 - 3*t**2 + 2*t + 5. Let s be m(q). Calculate the greatest common factor of 104 and s.
13
Suppose 62 = -m + 3*m - 5*p, 3*p + 54 = 2*m. Suppose 0 = -2*t - 5*v + m + 27, v - 74 = -5*t. Calculate the highest common factor of 7 and t.
7
Suppose -2*i = 4*g - 0*i - 580, -424 = -3*g + 4*i. What is the greatest common factor of 18 and g?
18
Let n(p) = -p**3 + p + 72. Let f be n(0). Suppose 2*d - f = -d. Suppose 70 = 5*j - 5*r, -2*j + 16 + d = -5*r. Calculate the highest common factor of j and 10.
10
Suppose -3*w + 14 = -5*z - 14, 0 = -3*z - 6. Let t = -4 + w. Let y be 2/((-3)/(-18)*3). Calculate the greatest common divisor of y and t.
2
Suppose -61 = -d + 9. Calculate the greatest common divisor of 14 and d.
14
Let k be (-1 - -1)/(16/(-8)). Let j(v) = -v + 10. Let o be j(k). Suppose 0 = -5*p - o + 35. Calculate the highest common factor of 5 and p.
5
Suppose -5*n = -527 - 218. Suppose n + 43 = 6*w. Suppose 2*z + 3*z - 40 = 0. What is the highest common divisor of z and w?
8
Let p(h) = -4*h**3 - 2*h**2 - 4*h + 3. Let j be p(-3). What is the greatest common factor of j and 42?
21
Suppose 3*d - 148 = -d + 4*y, -5*d = -2*y - 182. What is the greatest common divisor of 9 and d?
9
Let v(d) = -d + 1. Let x be v(-2). Suppose -6*g = -x*g - 42. Calculate the greatest common factor of g and 126.
14
Let q be (6/8)/(2/8). Let w be q*6/(-27)*-3. Calculate the greatest common factor of w and 16.
2
Let q(k) = 2*k + 104. Let p be q(0). What is the highest common factor of 26 and p?
26
Suppose 45 = 3*n - 5*d, 10 = 2*n + d - 7. Calculate the greatest common factor of 10 and n.
10
Let w(a) = -a**2 - 3*a + 3. Let m be w(-3). Suppose -3*i - m*t + 315 = 0, -i + t = -3*i + 210. Calculate the highest common factor of 21 and i.
21
Let h(r) = r**3 - 15*r**2 + 13*r + 16. Let l be h(14). Suppose -m = l*m - 105. Calculate the highest common divisor of 7 and m.
7
Let a = 29 - 54. Let l = 2 - a. What is the highest common factor of l and 3?
3
Let u(t) = -t**3 - 4*t**2 - t - 1. Let g be u(-4). What is the highest common divisor of g and 6?
3
Suppose 0 = -2*j + 12 - 4. Let l be 194/6 + j/6. Calculate the greatest common factor of 11 and l.
11
Let j = -21 - -35. Calculate the highest common factor of j and 35.
7
Let s(i) = i + 4. Let w be s(8). Suppose -x - 26 - w = -5*y, 2*y = x + 14. Let g be y/3*3/2. Calculate the greatest common factor of g and 8.
4
Let s be ((-9)/3)/1 - -107. What is the greatest common divisor of 13 and s?
13
Let s(j) = -2*j**2 + 3*j + 5. Let i be s(4). Let z be (18/i)/((-6)/20). Calculate the greatest common divisor of z and 8.
4
Let m be 2/(-7) + (-290)/(-35). Let y(j) = j**3 + 4*j**2 - 6*j - 2. Let s be y(-5). Let w